ime factors of 2842707254.
2, 31, 45850117
What are the prime factors of 3059599586?
2, 29, 191, 276187
List the prime factors of 2882381082.
2, 3, 7, 3541, 19381
What are the prime factors of 107383463?
11, 193, 50581
What are the prime factors of 22988410?
2, 5, 2298841
List the prime factors of 3598707724.
2, 27239, 33029
List the prime factors of 4550326895.
5, 910065379
List the prime factors of 111661253.
11, 17, 181, 3299
List the prime factors of 55038807.
3, 6115423
List the prime factors of 164797718.
2, 337, 244507
List the prime factors of 475522717.
475522717
List the prime factors of 388107350.
2, 5, 2111, 3677
List the prime factors of 291985919.
1201, 243119
List the prime factors of 2240661696.
2, 3, 7, 13, 257, 499
What are the prime factors of 326049798?
2, 3, 139, 167, 2341
List the prime factors of 2909109536.
2, 89, 1021457
What are the prime factors of 263940793?
17, 223, 69623
List the prime factors of 89266416.
2, 3, 53, 35089
What are the prime factors of 93450521?
41, 2279281
What are the prime factors of 75797435?
5, 7, 67, 32323
List the prime factors of 9442214.
2, 4721107
What are the prime factors of 597059442?
2, 3, 7, 31, 152857
List the prime factors of 38515879.
38515879
List the prime factors of 522044543.
6791, 76873
List the prime factors of 265722971.
17, 157, 99559
What are the prime factors of 66981392?
2, 47, 89071
List the prime factors of 49062785.
5, 43, 228199
List the prime factors of 3233860266.
2, 3, 7, 13, 1021, 5801
What are the prime factors of 129454746?
2, 3, 21575791
List the prime factors of 87721134.
2, 3, 31, 471619
List the prime factors of 564022535.
5, 6857, 16451
What are the prime factors of 39209504?
2, 1225297
List the prime factors of 163515711.
3, 67, 813511
What are the prime factors of 13865099?
1549, 8951
List the prime factors of 2854216220.
2, 5, 142710811
What are the prime factors of 227186491?
7, 4636459
List the prime factors of 125073040.
2, 5, 1563413
What are the prime factors of 50428140?
2, 3, 5, 7, 120067
List the prime factors of 70983315.
3, 5, 13, 71, 1709
List the prime factors of 6551243.
167, 39229
What are the prime factors of 856790927?
31, 27638417
List the prime factors of 860945340.
2, 3, 5, 293, 48973
What are the prime factors of 146536232?
2, 523, 35023
What are the prime factors of 132594113?
101, 1312813
What are the prime factors of 34189221?
3, 11, 37, 28001
What are the prime factors of 89977457?
43, 509, 4111
List the prime factors of 95905064.
2, 73, 97, 1693
What are the prime factors of 1972392186?
2, 3, 23, 14292697
List the prime factors of 266402111.
266402111
What are the prime factors of 4927161082?
2, 2463580541
What are the prime factors of 308488069?
17, 18146357
What are the prime factors of 217991665?
5, 43598333
List the prime factors of 818140559.
37, 22111907
List the prime factors of 95155715.
5, 17, 23, 48673
What are the prime factors of 840918953?
7, 120131279
List the prime factors of 6182866486.
2, 23, 31, 499, 8689
List the prime factors of 276723069.
3, 7, 13177289
What are the prime factors of 33500618?
2, 16750309
List the prime factors of 239779135.
5, 17, 233, 12107
What are the prime factors of 764726104?
2, 31, 43, 71711
What are the prime factors of 369186293?
7, 983, 53653
List the prime factors of 573159601.
7, 199, 257, 1601
What are the prime factors of 123384100?
2, 5, 7, 19, 9277
What are the prime factors of 1639543013?
1639543013
List the prime factors of 390786711.
3, 7, 37, 71849
List the prime factors of 1926033589.
41, 5351, 8779
What are the prime factors of 44124437?
7, 6303491
List the prime factors of 318686622.
2, 3, 53114437
List the prime factors of 674043652.
2, 37, 659, 6911
What are the prime factors of 278413185?
3, 5, 18560879
List the prime factors of 1153562958.
2, 3, 1831, 3889
What are the prime factors of 117605629?
117605629
What are the prime factors of 555979587?
3, 809, 229081
List the prime factors of 118951026.
2, 3, 19825171
List the prime factors of 608636619.
3, 79, 285343
List the prime factors of 482554111.
13, 37, 389, 2579
List the prime factors of 56374097.
13, 1291, 3359
List the prime factors of 38927883.
3, 12975961
List the prime factors of 116000533.
11, 10545503
What are the prime factors of 47430530?
2, 5, 7, 96797
What are the prime factors of 178991543?
23, 227, 34283
List the prime factors of 37789759.
7, 17, 23, 13807
List the prime factors of 30688326.
2, 3, 31, 43, 1279
What are the prime factors of 714775248?
2, 3, 11, 47, 9601
What are the prime factors of 1689377164?
2, 257, 1643363
List the prime factors of 964264594.
2, 43, 260753
What are the prime factors of 20926154?
2, 41, 255197
List the prime factors of 34610227.
43, 804889
List the prime factors of 73166477.
271, 269987
List the prime factors of 484620882.
2, 3, 80770147
List the prime factors of 2903535082.
2, 7, 31, 419, 2281
List the prime factors of 340958996.
2, 7, 37, 329111
List the prime factors of 433522858.
2, 37, 5858417
What are the prime factors of 2937481009?
2937481009
What are the prime factors of 6008885119?
2131, 2819749
What are the prime factors of 3925573265?
5, 785114653
What are the prime factors of 2341321073?
7, 13, 17, 127, 701
List the prime factors of 64925139.
3, 107, 257, 787
What are the prime factors of 17434280?
2, 5, 435857
What are the prime factors of 6761851686?
2, 3, 14929, 25163
List the prime factors of 2940227093.
2940227093
List the prime factors of 67511577.
3, 7, 3214837
What are the prime factors of 24241056?
2, 3, 7, 36073
What are the prime factors of 1598377394?
2, 19, 42062563
List the prime factors of 90359087.
7, 13, 141851
What are the prime factors of 55253294?
2, 29, 47, 20269
What are the prime factors of 315577272?
2, 3, 31, 424163
What are the prime factors of 7099092539?
7, 11, 73, 733, 1723
What are the prime factors of 837060140?
2, 5, 7, 31, 59, 467
List the prime factors of 42340218.
2, 3, 7056703
What are the prime factors of 639558904?
2, 17, 233, 20183
List the prime factors of 4647543011.
17, 769, 355507
What are the prime factors of 101578630?
2, 5, 31, 327673
What are the prime factors of 157557909?
3, 52519303
What are the prime factors of 3530175103?
7, 13, 17, 61, 37409
What are the prime factors of 1216145029?
11, 3217, 34367
List the prime factors of 232797663.
3, 7, 3695201
List the prime factors of 119145806.
2, 13, 4582531
What are the prime factors of 677208498?
2, 3, 17, 109, 3583
List the prime factors of 95752772.
2, 17, 23, 61223
What are the prime factors of 18445839?
3, 23, 43, 6217
List the prime factors of 4960420210.
2, 5, 496042021
List the prime factors of 785700680.
2, 5, 1459, 13463
List the prime factors of 133161878.
2, 66580939
What are the prime factors of 325693608?
2, 3, 13570567
List the prime factors of 4748272718.
2, 7, 29, 503, 23251
List the prime factors of 459412046.
2, 17, 457, 29567
List the prime factors of 291039282.
2, 3, 1709, 9461
List the prime factors of 2228858197.
197, 2633, 4297
What are the prime factors of 364743111?
3, 127, 957331
What are the prime factors of 1026363823?
59, 409, 42533
What are the prime factors of 841687323?
3, 17, 23, 717551
What are the prime factors of 508344393?
3, 29, 5843039
What are the prime factors of 739103365?
5, 7, 11, 13, 147673
What are the prime factors of 53508935?
5, 10701787
What are the prime factors of 3272501214?
2, 3, 19, 79, 121123
List the prime factors of 159464643.
3, 13, 643, 6359
What are the prime factors of 6601867059?
3, 191, 11521583
List the prime factors of 41830259.
107, 313, 1249
What are the prime factors of 83946305?
5, 1597, 10513
List the prime factors of 113054694.
2, 3, 1583, 11903
What are the prime factors of 189070376?
2, 11, 2148527
What are the prime factors of 207914661?
3, 101, 76243
List the prime factors of 3225456076.
2, 977, 825347
What are the prime factors of 210824716?
2, 23, 2291573
What are the prime factors of 43335692?
2, 47, 353, 653
What are the prime factors of 10351192?
2, 1293899
What are the prime factors of 756837828?
2, 3, 131, 160483
What are the prime factors of 134258550?
2, 3, 5, 157, 5701
What are the prime factors of 233391363?
3, 5039, 15439
What are the prime factors of 100312793?
